
2
Let k(b) = -5*b + 6. Let v = 173 + -167. Give k(v).
-24
Suppose 4 - 8 = -2*v. Suppose -2*p - v - 8 = 4*w, 12 = -4*w. Let u(h) = -5*h. What is u(p)?
-5
Let k(u) = -u**2 + 6*u + 3. Let q be k(7). Let h be 24/(-6)*2/q. Let x(s) = 2 + 1 + 2*s**h - 2 - 4*s. Give x(3).
7
Let s = -1 + 7. Let p(i) = i**3 + 3*i**2 - 2. Let g be p(-2). Let d(r) = 3 - 8 - 1 - 5*r + r**g - 1. Calculate d(s).
-1
Let d(a) = 2*a + 6. Let s be d(-3). Suppose s = 7*o - 2*o - 35. Let j(w) = w**2 - 7*w + 1. What is j(o)?
1
Let u be 1 + 1/((-1)/3). Let r(d) = d**2 + 2*d - 1. Give r(u).
-1
Suppose -c + 5*c = 8. Let w(l) = -5*l**2 + 1 + 4*l**c + 2. Suppose 5*s - 20 = -5*x, 4*x = -2*s + 13 + 1. Calculate w(x).
-6
Suppose f + 4*x = -12, -3*x = -0*x + 12. Let r(y) = -3*y + 5. Determine r(f).
-7
Let q(c) be the third derivative of -c**4/12 - 13*c**3/6 + c**2. Determine q(-9).
5
Let m(t) = t**2 + 10*t - 23. Let c(i) = i**2 + 10*i - 21. Let g(l) = 4*c(l) - 3*m(l). Give g(-11).
-4
Let d(o) = -o**2 - 3*o - 1. Let u be d(-2). Let n(c) be the second derivative of 2*c - 1/6*c**3 + 5/12*c**4 + 0 + 1/2*c**2. What is n(u)?
5
Let m(a) = -4 + 0*a - a + 2. Let r be (2/35*14)/((-1)/5). What is m(r)?
2
Let c(p) = p**3 + 8*p**2 + 9*p + 4. Let o(m) = m**3 - 2*m**2 - 5*m + 3. Let g be o(4). Suppose -4*r - d - 39 = r, -5*r + 5*d - g = 0. What is c(r)?
-10
Let p(g) = g**3 + 4*g**2 + g - 5. Let x be 8*(-1)/((-4)/(-6)). Let y be (x/10)/(21/70). Give p(y).
-9
Let w(h) be the first derivative of -2*h**3/3 + h**2/2 + 3*h + 2. Let f(p) be the first derivative of w(p). Calculate f(3).
-11
Suppose -11*c + 35 = -4*c. Let w(d) = -2*d + 5. Determine w(c).
-5
Let r(o) = -o**2 + o + 4. Let i(z) be the third derivative of z**6/60 + z**5/30 - z**4/24 + 2*z**2. Let t be i(1). Suppose -1 = -g + t. Determine r(g).
-8
Suppose 5*f - 20 = 10. Let a(m) = m + 4. What is a(f)?
10
Let l(s) = s**2 + 10*s + 13. Let u be l(-9). Let m(x) = -2*x**2 + 7*x - 4. Give m(u).
-8
Let s(n) = 9*n - 20. Let k(z) = 8*z - 18. Let x(o) = -5*k(o) + 4*s(o). Determine x(4).
-6
Let t(u) = 2*u - 6. Suppose w = -0*w - 5*a - 26, -3*w + 5*a = 118. Let r be ((-12)/(-9))/((-8)/w). Determine t(r).
6
Let i(p) = p**2 + p + 8. Let h = 13 - 9. Suppose 9*x = b + h*x + 20, -8 = 4*b - 2*x. Calculate i(b).
8
Suppose 4 = q + 3, -10 = -3*m - q. Suppose -l + 20 = 4*l. Let y(z) = -2*z + z**3 - 9*z**2 + 2*z**2 + 4*z**2 + l. Give y(m).
-2
Let a = -3 + 1. Let x(s) = 1. Let c(d) be the third derivative of -d**5/60 + d**4/4 + 4*d**3/3 - 7*d**2. Let h(i) = a*x(i) + c(i). Give h(6).
6
Let a(q) = q + 1. Let w be a(-7). Let m(g) be the third derivative of -g**5/60 - g**4/4 + 7*g**3/6 + 5*g**2. Calculate m(w).
7
Let f(d) be the second derivative of d**5/24 - d**4/24 - 5*d**3/6 + 11*d. Let g(h) be the second derivative of f(h). Determine g(-1).
-6
Let b = -11 + 9. Let y(v) = 11*v**2 - 2*v + 9. Let s(z) = -5*z**2 + z - 4. Let q(n) = -7*s(n) - 3*y(n). Give q(b).
11
Let h(z) = -6 - 3*z**3 + 2*z**3 - 6*z**2 + 0*z - 5*z. Let j(c) = c**3 + 3*c**2 - 3*c - 1. Let v be j(-4). What is h(v)?
-6
Suppose 0 = o - 2*o. Let m = o - 0. Let d(w) = w**2 + w + 2. Let t(x) = -2*x**2 - 2*x - 2. Let a(c) = 3*d(c) + 2*t(c). Give a(m).
2
Let n(g) = -g - 12. Suppose 4*z + 3*u + 18 = 0, -4*z + 0*z - u - 22 = 0. Let j = z - -8. Suppose 5 = -d - j*y, 0 = 4*d - 3*y + 4*y + 20. What is n(d)?
-7
Let h(r) = r - 1. Let z(m) = -4*m + 2. Let s(p) = -9*p + 5. Let v(y) = 6*s(y) - 14*z(y). Let k(c) = h(c) - v(c). Calculate k(-2).
-1
Let n be (-1)/(3/18)*(-6)/4. Let c(p) = p**3 - 10*p**2 + 9*p - 8. Calculate c(n).
-8
Let s(u) be the second derivative of u**3/6 + 5*u**2 - u. Suppose -32*f + 33*f + 15 = 5*m, -2*f = -5*m + 20. What is s(f)?
5
Let k(h) be the second derivative of -h**4/4 + h**3/3 + h**2/2 + 7*h. Give k(-1).
-4
Let n(d) = 3*d**2 - 5*d - 2. Let o(q) = -q + 1. Let h(j) = n(j) - o(j). Give h(-2).
17
Let k = 22 + -21. Let u(y) = -5*y**3 + 4*y**3 + y + 3*y**2 + y - k. Calculate u(3).
5
Let r(p) be the first derivative of -2*p**2 + 4*p + 2. Let d(f) = 7*f - 8. Let a(b) = 3*d(b) + 5*r(b). Determine a(-4).
-8
Suppose 5*w + 34 = 3*g, -g + 3*g + 4*w = -14. Let j(l) = 7 - l**3 + l**2 - 3 - l - l + 2*l**2. What is j(g)?
-2
Let p(x) = -6*x**2 + 3*x + 2. Let z(u) = 5*u**2 - 4*u - 3. Let l(a) = -4*p(a) - 5*z(a). Give l(8).
7
Let k(f) = f**3 - 5*f**2 + f - 4. Let u(w) = 2*w**3 - 11*w**2 + 3*w - 9. Let a(p) = -5*k(p) + 2*u(p). What is a(4)?
-10
Let b(k) = -k - 3. Let g(v) = v + 12. Let j be g(-9). Give b(j).
-6
Suppose -11 = 4*i + 5. Let o(c) = c**3 + 5*c**2 + 2*c + 4. Let r be o(i). Let g = -7 + r. Let p(q) = -q + 3. What is p(g)?
-2
Let u(t) = t**3 - 6*t**2 - t - 8. Let x = 136 + -130. Determine u(x).
-14
Let a(l) = -7*l**3 - 4*l**2 - 10*l - 3. Let o(i) = -i**3 - i. Let q(g) = a(g) - 6*o(g). Determine q(-3).
0
Let h be -3*(-60)/27*3. Suppose 3*i = -2*i + h. Let b(o) = -2*o + o**3 + 7*o**3 - 7*o**3 - 5 - 3*o**2. Calculate b(i).
3
Let x(p) = -p**3 - 3*p**2 - 2*p - 1. Let q = 8 - 5. Suppose 3*v + q = 3*b, -12 = 5*v + b + b. What is x(v)?
-1
Suppose d - 9 = 2*n - 0*n, d = -5*n - 19. Let f(g) = g**2 + 6*g + 6. Give f(n).
-2
Suppose 0*s + 2*k - 18 = 3*s, 0 = 2*k. Let w(n) be the second derivative of n**5/20 + 7*n**4/12 + n**3 - 3*n**2 + n. What is w(s)?
-6
Let r(j) be the third derivative of j**7/2520 + j**6/720 + j**5/60 - 2*j**2. Let m(k) be the third derivative of r(k). Let u = -11 - -9. Determine m(u).
-3
Let y(u) be the second derivative of 1/2*u**3 + 0 - 6*u + 1/20*u**5 + 0*u**2 - 1/3*u**4. Suppose 0 = -4*d + 2*d + 6. Calculate y(d).
0
Suppose 3 = k + 4. Let z(o) be the third derivative of -o**5/20 - o**4/12 - o**3/6 - 9*o**2. What is z(k)?
-2
Let t(k) = 3*k + 2*k + 7 + 2 - 3*k. Calculate t(-6).
-3
Let v(o) be the second derivative of -o**3/3 + 2*o**2 - 8*o. What is v(5)?
-6
Suppose -13*u + 19*u + 42 = 0. Let s(k) = 3 - 5*k + k**2 + 2*k + 10*k. Determine s(u).
3
Let d = 28 + -29. Let r(i) = -i. What is r(d)?
1
Let w(m) = 48 + 54 - 107 + m. Determine w(-4).
-9
Let t(d) = d**2 - 4*d + 4. Let r be (-88)/(-32) - 1/(-4). Calculate t(r).
1
Let p = -17 - -13. Let a(s) = -s**2 + 2*s - 4*s + 4 + s. What is a(p)?
-8
Let v be (-15)/(-3)*(-2)/(-5). Let h(w) = 3. Let u(a) = a - 5. Let i(m) = 5*h(m) + 3*u(m). Calculate i(v).
6
Let d(x) = -x**2 + 11*x - 3. Let s be d(11). Let g be (27/(-18))/(s/10). Let v(h) = -1 + h + 1. What is v(g)?
5
Let a = -5 + 7. Let h(y) = -6*y**2 + 5*y**2 + 0*y**a + 1. What is h(-1)?
0
Let s(u) = u**3 - 8*u**2 + 7*u + 9. Let c(l) = 2*l**3 - 6*l + 3. Let m be c(2). What is s(m)?
9
Let k = 2 + -3. Let n(t) = -1. Let j(z) = -z + 10. Let g(a) = k*j(a) - 6*n(a). Let b be 2*((-10)/(-4) + -1). What is g(b)?
-1
Let s = 8 - 5. Suppose 4*b - 7 - 7 = -s*o, o - 3*b + 4 = 0. Let g(r) = 3*r - 1. Calculate g(o).
5
Let h be (0 + -1)/(-1 + 0). Let a(s) = -7*s + 5. Let z(d) = 4*d - 3. Let y(w) = -3*a(w) - 5*z(w). What is y(h)?
1
Let m = -4 - -2. Let o be m/(-3) + (-4)/(-12). Let h(z) = -14*z**2 + 6*z. Let p(g) = 3*g**2 - g. Let d(a) = 2*h(a) + 11*p(a). Determine d(o).
6
Let n(h) be the third derivative of h**4/8 + h**3 - h**2. Let j = 21 - 12. Let u(y) = y**2 - 10*y + 5. Let q be u(j). Determine n(q).
-6
Let d = 2 + -2. Let z = d - 0. Let y(l) = -l**2 - 10. Give y(z).
-10
Let b(d) be the second derivative of d**5/10 + d**4/4 + 2*d**3/3 + d**2 + 14*d. Determine b(-2).
-10
Let a(z) = 3*z + 4. Suppose 0 = 3*s - c + 15, -2*s - 3 = -6*c + 3*c. Let r(f) = -f**2 - 6*f - 4. Let p be r(s). Determine a(p).
-8
Let g(l) be the first derivative of -l**4/4 - 5*l**3/3 - 3*l - 4. What is g(-5)?
-3
Let w = -3 + 18. Suppose -20 = s + 3*i, -s + w = -3*s - i. Let g(f) = f - 1. Let t(h) = -1. Let x(v) = -g(v) + 6*t(v). Give x(s).
0
Let q(h) = -7*h**2 - 6*h + 5. Let l(g) = 8*g**2 + 7*g - 5. Let j(k) = -6*l(k) - 7*q(k). Calculate j(4).
11
Let f(x) = x - 9*x**2 - x**3 + 5*x**2 + 1 - 1. Let k(h) = -h**2 + 1. Let p(d) = f(d) - k(d). Determine p(-4).
11
Let x(k) = 6*k**2 - 3. Let m(q) = -5*q**2 + 3. Let y(l) = -7*m(l) - 6*x(l). Suppose -2*w = 2*w - 16. Suppose -w*s = -s. What is y(s)?
-3
Suppose 3*s + 7 = -z, -4*s - 5 = 2*z + 3. Let p be (-3)/(2 - (-11)/(-4)). Let u(m) = 2*m + 4 + p - 4 - 3*m. What is u(s)?
7
Suppose 2*c - 2 = -6. Let m = 7 + c. Let o(f) = -f + 3. What is o(m)?
-2
Let d be 11/15 - (-4)/(-10). Let j(y) be the third derivative of d*y